*c + 3*c. List the prime factors of c.
2, 5
Let q be (1 + 1 - 1)*9. Suppose -q = -o - d, 4*o - 3*d = 2*o - 7. Suppose o*z = 5*z - 6. List the prime factors of z.
2, 3
Let h be ((-30)/(-6))/((-2)/(-18)). Let g = 104 - h. What are the prime factors of g?
59
Let l = 22 - 5. Let w(m) = 2*m. List the prime factors of w(l).
2, 17
Suppose -5*h + 0*h = 0. Let o = 22 - h. List the prime factors of o.
2, 11
Let x be (-5)/15 + (-1154)/(-6). Suppose 0 = 2*n + 2*n - r - 182, -4*r + x = 4*n. Suppose 5*h - n = -11. What are the prime factors of h?
7
Let n(k) = -k - 7. Let b be n(-7). Let v(c) = -c + 9. List the prime factors of v(b).
3
Suppose -2*u = -7*u + 435. List the prime factors of u.
3, 29
List the prime factors of 517/11 - (0 - 4/2).
7
Let b be -5*(1 + (0 - 2)). What are the prime factors of (b/(-2))/(2/(-4))?
5
Let t(l) = l**2 - 2*l. Suppose 4*b - 7 = 9. Suppose 5*d - 4*m = 4, -2*d + b*m - 20 = -3*d. What are the prime factors of t(d)?
2
Let v = 100 - 48. List the prime factors of v.
2, 13
Suppose -3*d - d + 24 = 0. What are the prime factors of d?
2, 3
What are the prime factors of -2 + 26 + 0 - -2?
2, 13
Suppose -2*c - 36 + 4 = 0. What are the prime factors of 259/9 - c/72?
29
Let p = 25 - 9. Suppose 5*c = 3*c + p. What are the prime factors of c?
2
Suppose 0 = 3*g - 2*g - 5. Let a = g - 0. List the prime factors of a.
5
Let a(b) = b**3 + 24*b**2 - 62*b - 25. What are the prime factors of a(-26)?
5, 47
Suppose 0 = -3*q + 3*u + 69, 28 = 2*q - u - 15. List the prime factors of q.
2, 5
Let l(t) = 3*t**2 - 4*t - 10. List the prime factors of l(6).
2, 37
Let f be (-3)/(2 + (-7)/2). Suppose g - 36 = -f*g. What are the prime factors of g?
2, 3
Let q(n) be the first derivative of n**2/2 + n - 3. Let k be q(3). Suppose k*o + 3 = 35. What are the prime factors of o?
2
Suppose -y = 1, -k = -0*k - 4*y - 14. Let l = -6 + 8. Let x = l + k. What are the prime factors of x?
2, 3
Let o be 8/2*4/8. Suppose 5*k - 87 = o*k. What are the prime factors of k?
29
Suppose -3*d + 18 = -2*u, -4*d + 6*d = 2*u + 12. List the prime factors of d.
2, 3
Let k be (2 + -5)*2/(-2). Suppose -k*w = 78 + 198. What are the prime factors of ((-6)/12)/(2/w)?
23
Let c(b) = b**2 - 5*b + 7. Suppose 0*y + 5*y - 35 = 0. What are the prime factors of c(y)?
3, 7
Let x be (-4)/(-2)*1 + 28. Suppose 3*g - x = -p, -4*g - g = -p - 2. What are the prime factors of p?
2, 3
Suppose 0 - 3 = 3*b. Let f(t) = -19*t**3. What are the prime factors of f(b)?
19
Let b(p) = -5*p**3 + 3*p**2 - 1. Let g(s) = -s**3 - 6*s**2 - 4*s + 3. Let z be g(-5). What are the prime factors of b(z)?
3, 17
Suppose 4*m - 2*m - 330 = 0. What are the prime factors of m?
3, 5, 11
What are the prime factors of 1/3 + (-1085)/(-21)?
2, 13
Let q = 4 + -4. Suppose 2*v + 8 = -2*c + 4, -2*v - 10 = q. List the prime factors of c.
3
Let f = 13 - 6. List the prime factors of ((-21)/f)/(3/(-10)).
2, 5
Let j = 6 - 14. What are the prime factors of (-126)/(-10) - j/20?
13
Let g = -4 + 38. List the prime factors of g.
2, 17
Let d(w) = -2*w**2 + 3*w + 4. Let z(l) = l**2 - l - 2. Let t(b) = 4*d(b) + 7*z(b). List the prime factors of t(3).
2
Let l(s) = s**3 + 5*s**2 + 2*s - 2. Let c = 7 - 11. What are the prime factors of l(c)?
2, 3
Let j(i) = 8*i + 9. List the prime factors of j(4).
41
Let i(m) = -2*m**3 + m**2 - 3*m**3 + m + 0 + 1. List the prime factors of i(-1).
2, 3
Suppose -48 = -x + 35. What are the prime factors of x?
83
Suppose -o + 3*m - 6*m = -70, -56 = -o + 4*m. Suppose -z = 3*q - o, -2*z = 2*q - 20 - 24. What are the prime factors of q?
3, 7
Let h = -101 + 106. List the prime factors of h.
5
Suppose -62 = -9*b + 7*b. List the prime factors of b.
31
Let v be 0/4 - 14/(-2). Let c(l) = l - 1. Let i be c(v). What are the prime factors of (-8)/(-6)*i/4?
2
Let s(o) = o**3 - 23*o**2 + 34*o - 52. List the prime factors of s(22).
2, 53
Let t(m) = 7*m + 3. Let a be t(7). Let k be 1/2*a/2. Let x = k + -8. What are the prime factors of x?
5
Let z be (-5)/(-20) + (-35)/(-4). List the prime factors of z/2 + (-9)/6.
3
Let w(q) = 2*q - 7. What are the prime factors of w(13)?
19
Let s(x) be the first derivative of x**4/12 + x**3/2 - x**2 - 3. Let q(z) be the second derivative of s(z). List the prime factors of q(5).
13
Let w be (-8)/(-3)*15/(-10). Let y(n) = -n**3 - 3*n**2 - 2*n - 6. What are the prime factors of y(w)?
2, 3
Let l = 3 + -1. Let k(f) = -8 - 8 + f**l + 7 + 5*f. What are the prime factors of k(-7)?
5
Suppose 2*r + 4 = r. Let v be 23 + -1 - (r + 4). Let y = v - 13. What are the prime factors of y?
3
Let z(s) = -s**3 - 5*s**2 + 4*s - 10. List the prime factors of z(-7).
2, 3, 5
Suppose 5*u = -0*u - 5. Let k be (2 + -4)*(u - -2). Let a(s) = 2*s**2 - s - 1. List the prime factors of a(k).
3
Suppose 2*h = -h. Suppose 5*y + 5*a - 60 = h, -2*y + 3 + 14 = -5*a. Suppose 4*o - 2*o - i = 20, o = i + y. List the prime factors of o.
3
Let c be (4/6)/((-4)/(-6)). Let l be -1*(-1 + 0 - 0). What are the prime factors of l + (c + 9)/1?
11
Let l be 1/3 - (-50)/(-15). Let a be (-2)/(2 + -3) + l. What are the prime factors of a/5 + (-122)/(-10)?
2, 3
Let j(v) = 12*v**2 + v. Let h be j(-1). Suppose -f + h = 1. What are the prime factors of f?
2, 5
Suppose 14 = 4*o - 6. Suppose -o = -f - 3. What are the prime factors of f?
2
Suppose -2*s - l = -5*s + 8, 0 = 3*s + l - 10. Let n be s + (4/(-2))/(-1). Suppose -2*w + n*w - 36 = 0. List the prime factors of w.
2, 3
Suppose 0 = h - 3*s - 20, 0 = -3*h + 5*h + 5*s - 62. List the prime factors of h.
2, 13
Let z = -374 - -524. What are the prime factors of z?
2, 3, 5
Let a be (-206)/8 - (-3)/4. Let p = a - -36. List the prime factors of p - (2 + (-1 - 2)).
2, 3
Let l be (0 - -1)/((-1)/(-5)). Suppose l*y = -4*m - 17 + 49, 0 = -2*m - 2*y + 14. List the prime factors of m.
3
Suppose -l = p - 2, 3*l + 4 = 3*p - 8. Let b = l - -3. Suppose -b*o + 1 = -3. List the prime factors of o.
2
Let q = 235 - 157. What are the prime factors of q?
2, 3, 13
Let f = 112 + -60. What are the prime factors of f?
2, 13
Suppose 6*f = 9*f - 735. What are the prime factors of f?
5, 7
Let o(p) = -p + 8. Let l be o(6). Suppose -3*f + 5*y + 19 = -5*f, -3*y - 21 = -l*f. Suppose f*w - 8*w + 40 = 0. List the prime factors of w.
2
Suppose -13 = 4*u + 31. Let t = 12 - u. What are the prime factors of t?
23
Let k = -12 - -19. Suppose 2*y = -2*z + 36, -2*z + y = -4 - 32. Let u = z - k. List the prime factors of u.
11
Let b be (1/(-2))/((-4)/(-40)). Let a = b + 7. List the prime factors of a.
2
Let t = -3 - -6. Suppose -t*m = -m + 4. What are the prime factors of ((-8)/(-10))/(m/(-5))?
2
Let l = 12 + -7. Let m(k) = 2*k - 5. Let a be m(l). Let q = 7 - a. What are the prime factors of q?
2
Let n(m) = -7*m - 6. Let h be n(-5). Suppose -2*s + b = -h, 3*s + s - 3*b = 61. List the prime factors of s.
13
Let x(z) = -3*z - 3. Let w be 4/(-18) - (-2)/9. Let q be (-6)/(w + 9/6). List the prime factors of x(q).
3
Suppose 70 = -2*z - 3*z. Suppose -2*v - 18 + 70 = 0. Let p = z + v. List the prime factors of p.
2, 3
What are the prime factors of 4/(-18) - (-2172)/54?
2, 5
Let y(f) = 0 - 2*f - 7*f**2 - 5*f**3 + 4*f**3 - 6. Let b be y(-6). What are the prime factors of b/(-4)*12/9?
2, 5
Let m(x) = -x**2 - 22*x - 28. What are the prime factors of m(-15)?
7, 11
What are the prime factors of 2/4 + 2000/32?
3, 7
Let w be ((-6)/(-8))/((-2)/(-64)). Let q(n) = 2*n**3 - 4*n**2 - n + 2. Let v be q(3). Let c = w - v. List the prime factors of c.
7
Let l be (3 - -1) + 0/(-5). Suppose -4*c + 52 = -l. What are the prime factors of c?
2, 7
Suppose -2*q = 2*q. Suppose q = -4*s + k + 111, 5*s - 26 = -4*k + 97. Suppose -2*v = 3*f - 1 - s, -v + 5*f = -1. List the prime factors of v.
11
Let w(q) = q**2 - 8*q + 6. Let o be w(5). Let f be (2*o/(-6))/1. Suppose -f*x + 6*x = 42. What are the prime factors of x?
2, 7
Suppose 104 = -3*u - 22. List the prime factors of (-1 - u/1) + -1.
2, 5
Let m(g) be the second derivative of g**5/20 + g**4/2 + g**3/2 + 2*g**2 - 2*g. What are the prime factors of m(-5)?
2, 7
Suppose s + 0*s = 6. List the prime factors of s.
2, 3
Suppose 4*k - 9 - 51 = 0. What are the prime factors of k?
3, 5
Let i(a) = -3*a + a**2 + 3*a**3 + 2*a - 2*a**3 + 20. What are the prime factors of i(0)?
2, 5
Suppose 6*r - r - 40 = 0. Suppose h - 9 = r. List the prime factors of h.
17
Let